2 + 194. Suppose q + 4*j = 715 + 5036, -m*q = -5*j - 11515. Is q a prime number?
False
Let h = 576618 + 58405. Is h composite?
True
Let h = 4558 + 18555. Is h composite?
True
Suppose -3*f - f + 644 = 0. Let s = 311 + 111. Let x = f + s. Is x prime?
False
Suppose -5*w = 4*r - 279532, 78*r - 5*w = 79*r - 69853. Is r prime?
False
Suppose 95*k = -3*s + 92*k + 20697, 4*k = 5*s - 34495. Is s composite?
False
Is (10/10)/(2/(-6))*200315/(-15) composite?
False
Let c = -44 + 58. Suppose -5556 = 8*q - c*q. Suppose 3*d = 733 + q. Is d prime?
False
Let t(q) = 81*q**2 + q. Let l = -12 - -14. Suppose 13*b - l = 12*b. Is t(b) composite?
True
Suppose -9*h + 11*h - 2*x = 43450, 195547 = 9*h + 2*x. Is h prime?
True
Is -29*(130*1452/(-56) + (-20)/70) a composite number?
True
Let p = 79 + -80. Let u be 765 - (2 + p)/((-2)/4). Suppose -5*d = 5*k + u - 4347, 2*k = -6. Is d a prime number?
True
Let t(i) = -10 + 3 + 1 + 6 + 9529*i**3 - i**2 - 1. Is t(1) composite?
True
Let p(h) = h**3 + h**2 - 3*h + 127. Suppose 3*n - 5 = -3*r + 2*n, r + 20 = 4*n. Let b be p(r). Is (b/2)/(11/22) a composite number?
False
Let w = 1854 + 3497. Suppose 14*f = 123 + w. Is f prime?
False
Let y be (295/30)/((-5)/(-5430)). Suppose 4*m + 4*q - y = 3*m, -3*m + 32001 = 3*q. Is m a composite number?
False
Let f(s) = s + 3. Let p be f(1). Suppose p*t + 24 = 12*t. Is (-9)/t*(-54 - -1) a composite number?
True
Let x = -16809 - -124430. Is x a composite number?
False
Let b(t) = -t**2 + 17*t + 4. Let n = 44 - 27. Let r be b(n). Is 762*4/32*r a composite number?
True
Suppose -322276 = -2*x + 3*y + 127209, 5*y = 2*x - 449487. Is x composite?
True
Let u be ((-32)/72)/((-6)/81)*(-21)/(-9). Let n(j) be the second derivative of -j**5/20 + 3*j**4/2 + 8*j**3/3 - 15*j**2/2 - j. Is n(u) composite?
True
Let c = -38566 - -188967. Is c prime?
True
Suppose -12*q - 17*q = -25*q - 646868. Is q a prime number?
True
Let t = -513 - -509. Let s(a) = 532*a**2 + 13*a + 31. Is s(t) a prime number?
False
Let u = -1200 + 1830. Suppose 6572 = -626*t + u*t. Is t composite?
True
Suppose -4*v - 6237 + 101748 = d, -4*d - 5*v + 382088 = 0. Is d a composite number?
False
Suppose 2*t = j - 53917, -4*t = j - 22906 - 31011. Is j prime?
True
Is ((-1)/(-3))/(4*(-6)/(-95381352)) a prime number?
False
Suppose -141 = 12*p - 9*p. Let w = p + 67. Suppose -5*f + 3*d = 9503 - 26956, 5*d - w = 0. Is f a composite number?
True
Let o(y) = 60*y**3 - 30*y**2 - 21*y - 7. Let z(v) = -40*v**3 + 20*v**2 + 14*v + 4. Let d(q) = -5*o(q) - 7*z(q). Is d(-8) prime?
True
Let k = -623 - -566. Is k + 62 + 394*9 composite?
True
Suppose 5*x - 1047497 = 2*y, 0 = x + y - 92199 - 117292. Is x a prime number?
True
Let i(h) = -550*h - 207. Suppose 76 = 4*f - 8*f. Is i(f) prime?
True
Suppose 4*j + 66 + 1518 = 0. Let d = j - -1641. Let g = 2236 - d. Is g composite?
False
Suppose 26*u = 738922 - 26184. Is u a prime number?
False
Let h be (-7)/(-21)*9/1 + -7 - -10. Let c = 6 + -1. Suppose h*r = c*r + 3433. Is r composite?
False
Suppose 0 = -7*t + 8*t - 5. Suppose -2*f = -3*n - 71939, -2*n - 5620 = f - 41579. Suppose t*o + s = 3*s + f, 2*o - 5*s = 14386. Is o a composite number?
False
Suppose -8*c = -43 + 11. Suppose -w - 2 = 4*q - 0*w, 0 = -5*q + c*w + 8. Suppose m + 2*o - 147 = 0, -4*o - 4 = -q. Is m a prime number?
True
Let x = -86 - -81. Let y be 7 - (3 + -4 - x). Suppose 8*v + 4*c = 6*v + 4178, -4*v + y*c + 8312 = 0. Is v composite?
False
Let i be -15*3/(-9) - -23. Is 3817 - (i/(-7) + 0/(-1)) composite?
False
Suppose -8*h - 86 = -10*h. Suppose 49*a - 31998 = h*a. Is a prime?
True
Let n = -39 - -44. Let p be ((-3)/n - (-14)/(-35)) + 7. Is (-8)/(-48) - (-1337)/p a composite number?
False
Let i be 10/(-25) + (-67)/(-5)*726. Let s = 4043 + i. Is s prime?
False
Let a(c) = 5*c**3 + 28*c**2 - 44*c - 24. Let i(t) = 9*t**3 + 56*t**2 - 86*t - 47. Let f(h) = -11*a(h) + 6*i(h). Is f(19) a prime number?
False
Let g = -550521 + 786728. Is g prime?
True
Suppose -1989487 = -27*g - 4*g. Is g prime?
False
Suppose -5*x + 737979 = 4*j, -36*x + 39*x - 442801 = j. Is x prime?
False
Let d(i) = 410*i**2 - 96*i + 671. Is d(7) prime?
True
Suppose 0*p + 10*p = -720. Let z(t) = -531*t**3 + t**2 + 4*t. Let x be z(3). Is x/p - 1/(-6) a prime number?
True
Let q(k) = -156*k - 7. Suppose 0 = 17*d - 23*d - 6. Is q(d) composite?
False
Let d(m) = -98*m**3 - 2*m**2 - 14*m - 33. Let z(r) = -98*r**3 - r**2 - 16*r - 34. Let a(p) = 3*d(p) - 2*z(p). Is a(-3) a prime number?
True
Suppose 0 = -5*v - 5*n + 165, -10*v + 177 = -6*v - 5*n. Suppose 21*g - v*g = -134878. Is g prime?
False
Let v = 139 - 131. Is -1 - v/(-6) - 41230/(-15) prime?
True
Let g = 50243 + -28534. Is g prime?
False
Is (-2 + 309384 + 0)*(-41)/(-82) a prime number?
True
Let a = 24666 + -17557. Is a a composite number?
False
Let h be (-1 - (3 + (4 - 5))) + 65. Suppose -15099 = 59*o - h*o. Is o prime?
False
Let g = 16 + -3. Suppose -16*r + 297 = -g*r. Let t = 190 - r. Is t a prime number?
False
Let j(k) = 3*k**3 + 4*k**2 + k + 1. Let g = 108 - 65. Let s = 46 - g. Is j(s) a composite number?
True
Suppose 824 = 4*f - 4*t, -4*f + 0*t + 815 = 5*t. Let z = 46 + f. Is z a composite number?
False
Let q(g) = 2211*g - 43. Let o(x) = -1105*x + 22. Let z(l) = 7*o(l) + 4*q(l). Let f be z(8). Suppose -2911 = -r - 4*k, -5777 = -5*r - k + f. Is r prime?
True
Let w(s) = -2*s**2 + 4*s + 3. Suppose -2*b + 8 - 8 = 0. Let l be w(b). Suppose x = -5 + 1, -l*x - 1010 = -2*y. Is y a prime number?
True
Let x(i) = 31*i**2 - 1. Let l be x(-1). Suppose 4*a - l = -b, 64 = 4*b - a + 3*a. Suppose 212 = 18*u - b*u. Is u a composite number?
False
Suppose -25*p + 14*p = -33. Suppose 4*y + 24708 + 13087 = p*o, -o = 5*y - 12630. Is o a prime number?
False
Let f(g) = 12*g + 34. Let a(d) = d**2 - 3*d - 13. Let h be a(7). Let v be f(h). Suppose -5*k + 2852 = 4*y - v, 4*y - 3068 = -4*k. Is y prime?
True
Suppose 142*i - 27449072 = 24238502. Is i a prime number?
False
Suppose -5*u - v - 3*v - 31 = 0, -13 = 2*u + v. Let f(n) = 412*n**2 - 17*n - 98. Is f(u) a composite number?
True
Let p = 14141 - 4341. Let r = p + -6873. Is r prime?
True
Let f(k) = 1210*k**2 + 17*k + 2. Let w be f(-7). Is w/188*(3 - -1) a composite number?
False
Let o(w) = -60582*w + 1409. Is o(-8) a composite number?
True
Suppose -92*l - 51926 = -99*l. Is l a composite number?
True
Suppose -4*c - 3*t + 1578 = 0, 5*c = -4*t + 3*t + 1967. Let d be (1 + 13)*(6/(-8))/(69/(-506)). Suppose 0 = a - 4*r - c, 5*r = -a - d + 425. Is a composite?
False
Let p be (8/(-20))/((-3)/45). Suppose p*r - 8*r = 0. Suppose r*u = 5*u - 2395. Is u a composite number?
False
Suppose 7*a - 32 - 17 = 0. Suppose -a*z + 21*z - 85834 = 0. Is z composite?
False
Let g = 54974 - -34473. Is g composite?
True
Let c be 124/30 + (-70)/525. Is (-6)/c*7390/(-45)*3 a prime number?
True
Suppose 6*a + 164*a - 11338150 = 0. Is a prime?
False
Suppose -5*d - 80 = -10*d. Let i = -32 - d. Let y = 107 + i. Is y a prime number?
True
Let j(z) = -z**2 - 32*z + 62. Let f(p) = -2*p**2 - 64*p + 124. Let w(c) = 3*f(c) - 5*j(c). Is w(-17) prime?
True
Let m(w) = -1692 + 185*w + 3388 - 1695 + 16*w**2. Is m(-30) prime?
False
Let k = -33 + 174. Suppose -144*l + k*l = -4983. Is l a composite number?
True
Let s be (315/(-42))/((-9)/6). Suppose -5*z + 26943 = -2*a, -8*a = -s*z - 3*a + 26940. Is z prime?
False
Let n = 123365 + -61504. Is n a prime number?
True
Let f be 24345/11 - (-6 - (-544)/88). Suppose 2*d - 7787 = -f. Is d prime?
False
Let r = -53 + 58. Suppose r*k - 2*k - 25395 = 0. Is k prime?
False
Suppose 0 = 2*k + 2, 0*k + 3810 = -4*i + 2*k. Let n(u) = 27*u + 2104. Let j be n(0). Let t = j + i. Is t a prime number?
True
Let r(f) = 682*f + 8. Let z be r(1). Suppose -2*j = 176 - z. Is j composite?
False
Let k(o) = -38*o**3 + 15*o**2 - 6*o + 17. Let j(y) = 19*y**3 - 7*y**2 + 3*y - 9. Let d(m) = 5*j(m) + 2*k(m). Is d(4) prime?
False
Suppose -3*p - p - 2*i + 304300 = 0, 2*p - 4*i = 152150. Suppose -5*w + 1252 = 317. Is p/w + (-2)/(-11) prime?
False
Let s(a) = 14*a + a**2 - 9*a**3 - 9*a**3 + 7 + 9*a**3 - 7*a**3. Let k be s(-11). Suppose 3*g + k = 9*g. Is g a composite number?
True
Let x(f) = -f**3 + 16*f**2 - 12*f + 11. Let o be x(15). Suppose -59*r = -o*r - 969. Is r a prime number?
False
Is ((-8)/5 + 81/135)*(-1777 - 0) a prime number?
True
Let x(z) = -3*z**3 - 392*z**2 - 20*